 n(x) = -x**3 - 3*x**2 - 2*x - 6. Calculate n(-4).
18
Let u(m) = -m**3 - 12*m**2 + 15*m + 17. Give u(-13).
-9
Let c(k) = -k**3 - 37*k**2 + 41*k + 117. Determine c(-38).
3
Let c(z) = z**3 - 9*z**2 - 8*z - 15. Determine c(10).
5
Let a(d) = -d**2 - 13*d - 12. Calculate a(-13).
-12
Let q(a) = -a**2 + 5*a + 3. What is q(6)?
-3
Let j(o) = -12*o - 12. Calculate j(13).
-168
Let o(h) = 4*h**3 + 21*h**2 + 5*h + 4. What is o(-5)?
4
Let k(s) = 15*s + 251. What is k(-17)?
-4
Let d(s) = -15*s**3 - 2*s**2 + 2*s - 1. What is d(1)?
-16
Let r(g) = -12*g - 4. Give r(-1).
8
Let y(b) = 2*b**2 - 5*b + 6. What is y(6)?
48
Let i(j) = -4*j - 107. Give i(-29).
9
Let y(n) = -n + 8. Give y(10).
-2
Let b(y) = -2*y - 3. Give b(4).
-11
Let w(g) = g**2 - 43. Give w(0).
-43
Let l(y) = -y**3 + 3*y**2 + 3*y + 2. Give l(4).
-2
Let w(p) = 30*p + 241. Calculate w(-8).
1
Let i(b) = b**3 + 10*b**2 + 7*b - 12. Give i(-9).
6
Let i(v) = -v**2 - 4*v - 2. What is i(-4)?
-2
Let u(n) = 5*n**3 - 3*n**2 - 5. Give u(2).
23
Let o(d) = -d**3 - 10*d**2 + 9*d - 25. What is o(-11)?
-3
Let s(m) = m**3 + 4*m**2 + 11*m + 24. What is s(-3)?
0
Let r(q) = 4*q - 125. Determine r(6).
-101
Let a(k) = k**2 - 6*k - 41. Calculate a(-4).
-1
Let p(m) = -m**3 - 6*m**2 + 6*m - 5. What is p(-7)?
2
Let s(q) = q**3 + 7*q**2 + 9. Determine s(-7).
9
Let p(d) = 4*d**2 - 4*d - 3. Calculate p(4).
45
Let n(k) = -k**2 + 15*k - 13. Determine n(14).
1
Let v(l) = l**3 - 19*l**2 + 19*l - 28. What is v(18)?
-10
Let s(o) = 16*o + 8. Give s(1).
24
Let y(w) = -w**3 + 5*w**2 + 9*w - 8. Calculate y(7).
-43
Let b(l) = -13*l + 7. What is b(-5)?
72
Let w(n) = 10*n - 86. Calculate w(12).
34
Let p(o) = o**3 + 4*o**2 + 3*o + 1. Determine p(-2).
3
Let s(c) = -2*c**3 - 12*c**2 - 3*c - 5. Determine s(-6).
13
Let k(i) = -i**2 + 7*i + 236. What is k(-12)?
8
Let n(p) = 5*p + 14. Give n(-11).
-41
Let m(w) = w**3 + 7*w**2 - 4*w - 4. What is m(-7)?
24
Let w(a) = -4*a + 18. Calculate w(-10).
58
Let x(z) = -z**3 + 2*z**2 + z - 1. Give x(-2).
13
Let c(o) = o**3 + 25*o**2 + 23*o - 15. Give c(-24).
9
Let i(s) = -s**3 - 9*s**2 + 3*s + 7. Determine i(-7).
-112
Let m(j) = -j**3 + 3*j**2 - 3*j. What is m(4)?
-28
Let a(t) = -37*t - 1. What is a(-2)?
73
Let v(j) = -j**3 + 18*j**2 + 21*j - 24. Give v(19).
14
Let j(s) = 94*s - 566. What is j(6)?
-2
Let j(k) = k**2 - 6*k + 10. Give j(8).
26
Let u(o) = -7*o + 42. Give u(6).
0
Let u(b) = -7*b**3 - 2*b**2 + 7*b + 19. Calculate u(-2).
53
Let v(s) = s**2 - 6*s + 1. Calculate v(-5).
56
Let s(w) = -w - 8. Determine s(-7).
-1
Let z(u) = -u**3 + 4*u**2 + 8*u - 8. What is z(6)?
-32
Let i(j) = -4*j - 54. Calculate i(-17).
14
Let s(b) = -50*b**2 - 2*b - 1. Determine s(-1).
-49
Let c(h) = h**2 + 16*h + 4. Give c(-16).
4
Let l(c) = -2*c. What is l(-11)?
22
Let s(h) = 2*h**2 + 39*h - 60. Give s(-21).
3
Let k(c) = -c**2 + 5*c - 4. Give k(7).
-18
Let z(g) = -7*g + 12. Determine z(13).
-79
Let x(r) = r**3 + 82*r**2 + 80*r - 88. What is x(-81)?
-7
Let d(l) = l**2 - 23*l - 184. Calculate d(-6).
-10
Let j(i) = i**3 - 5*i**2 + 98*i - 489. Give j(5).
1
Let j(z) = -2*z**2 + z + 42. Calculate j(0).
42
Let h(v) = 4*v**2 - 37*v + 1. Give h(9).
-8
Let t(r) = 2*r**2 + 15*r + 9. What is t(-7)?
2
Let w(p) = -p**3 - p**2 + 24*p - 16. What is w(4)?
0
Let z(o) = -o**3 + 9*o**2 - 12*o - 2. Calculate z(7).
12
Let h(d) = d**3 - 13*d**2 + 16*d - 4. What is h(12)?
44
Let o(q) = q**2 + 14*q - 8. Determine o(-15).
7
Let b(i) = i**3 - 7*i**2 - 4*i + 8. Calculate b(8).
40
Let u(w) = -21*w**2 - w - 2. Give u(-1).
-22
Let h(g) = -g - 6. Determine h(-9).
3
Let u(r) = 3*r - 62. What is u(18)?
-8
Let z(j) = 8*j + 6. Give z(-7).
-50
Let u(n) = 17*n - 32. Give u(3).
19
Let i(z) = z**3 - 13*z**2 - 25*z - 73. What is i(15)?
2
Let z(v) = -v**2 - 8*v + 1. Determine z(-9).
-8
Let p(u) = -2*u**2 + 4*u + 2. What is p(6)?
-46
Let v(t) = -t**3 + 4*t**2 + 10*t + 17. Give v(6).
5
Let y(i) = i**2 + 17*i + 37. Determine y(-3).
-5
Let s(r) = -13*r**2 - 6*r - 5. What is s(-4)?
-189
Let x(r) = r**3 - 8*r**2 + r - 10. Give x(8).
-2
Let u(l) = -l**3 - 7*l**2 + 2*l. Determine u(-6).
-48
Let y(n) = -n**3 + 10*n**2 + 8*n + 6. What is y(11)?
-27
Let a(v) = -10*v. Determine a(-1).
10
Let b(q) = -2*q**3 - 6*q**2 - 6*q - 1. Determine b(-3).
17
Let d(t) = -7*t**2 + 5*t + 5. Determine d(3).
-43
Let r(o) = -o**3 + 24*o**2 + 50*o + 66. Give r(26).
14
Let i(w) = -3*w**2 + 3*w - 7. Determine i(5).
-67
Let m(s) = -s + 13. Give m(-7).
20
Let c(m) = 5*m. Give c(3).
15
Let h(m) = 2*m**3 + 4*m**2 + m + 3. What is h(-3)?
-18
Let v(x) = -3*x**2 - 5*x - 9. Give v(-5).
-59
Let w(c) = c**2 + 14*c + 60. What is w(-9)?
15
Let u(l) = -l**2 - 7*l - 4. Calculate u(-7).
-4
Let f(j) = j**2 + 4*j - 1. Determine f(-1).
-4
Let j(a) = a**3 - 12*a**2 + 14*a - 33. Calculate j(11).
0
Let b(u) = u**2 + 28*u - 16. Calculate b(-28).
-16
Let i(g) = g. Calculate i(3).
3
Let y(r) = -4*r + 17. What is y(6)?
-7
Let q(x) = -2*x**2 - 2*x - 7. What is q(0)?
-7
Let i(j) = 2*j**2 + 9*j - 2. Calculate i(-5).
3
Let p(x) = -4*x + 9. Determine p(6).
-15
Let d(k) = k**3 - 9*k**2 + 5*k - 2. Calculate d(4).
-62
Let h(y) = -y**3 - 12*y**2 + 6*y - 19. Determine h(-13).
72
Let f(b) = b - 8. What is f(4)?
-4
Let j(s) = -11*s - 2. Give j(-2).
20
Let y(q) = q - 10. What is y(0)?
-10
Let t(y) = -63*y + 6. Calculate t(-2).
132
Let d(y) = -4*y - 22. What is d(-6)?
2
Let a(b) = 6*b - 2. Calculate a(2).
10
Let k(r) = r**3 + 7*r**2 + 11*r - 6. Calculate k(-6).
-36
Let f(b) = -2*b**3 - 13*b**2 + 3*b - 6. What is f(-6)?
-60
Let r(d) = -d**3 - 7*d**2 - 6*d - 4. Calculate r(-6).
-4
Let o(g) = g**3 + 14*g**2 + 7*g - 14. Give o(-13).
64
Let p(q) = q + 2. Calculate p(-14).
-12
Let a(w) = -w**2 - 14*w + 12. What is a(-15)?
-3
Let m(y) = 48*y - 380. What is m(8)?
4
Let f(c) = -2*c**2 - 2*c - 3. Calculate f(0).
-3
Let r(s) = -s**2 + 3*s - 9. Determine r(0).
-9
Let v(t) = 83*t + 914. What is v(-11)?
1
Let d(x) = x**3 + 2*x**2 + x + 4. Give d(0).
4
Let z(y) = 8*y**3 + 3*y + 4. Determine z(-1).
-7
Let l(m) = m**2 + 9*m - 18. Calculate l(-5).
-38
Let f(n) = -n**3 + 5*n**2 - 4*n + 1. Determine f(4).
1
Let n(z) = -2*z + 4. Determine n(4).
-4
Let y(g) = -g**3 - 27*g**2 - 50*g - 33. Give y(-25).
-33
Let j(s) = -s**2 - 24*s + 30. Give j(-19).
125
Let w(k) = k - 17. What is w(7)?
-10
Let i(s) = 12*s**2 + 86*s + 13. What is i(-7)?
-1
Let r(p) = p**3 + 8*p**2 + 7*p - 3. Give r(-7).
-3
Let k(s) = -s + 21. Determine k(19).
2
Let x(c) = -c**2 - 8*c + 106. Calculate x(-15).
1
Let c(i) = -59*i - 1354. What is c(-23)?
3
Let b(h) = 3*h**2 - 1. Give b(1).
2
Let k(u) = 4*u. Determine k(-6).
-24
Let t(v) = -v**3 - 14*v**2 - 42*v + 26. Determine t(-9).
-1
Let z(n) = 3*n - 7. Calculate z(-8).
-31
Let z(d) = -d**3 - 8*d**2 - 8*d - 1. Determine z(-8).
63
Let d(s) = -2*s - 15. Determine d(-14).
13
Let l(u) = -29*u - 117. Give l(-4).
-1
Let b(c) = c + 12. Determine b(-5).
7
Let r(u) = u**2 - 16*u - 117. Give r(19).
-60
Let d(n) = n + 2. Determine d(7).
9
Let o(r) = r**2 - 11*r + 11. Calculate o(5).
-19
Let i(x) = -x**3 + 19*x**2 + 11. Give i(19).
11
Let d(g) = 65*g - 191. Calculate d(4).
69
Let c(y) = 4*y + 82. Give c(-21).
-2
Let y(f) = -6*f + 22. Determine y(4).
-2
Let g(q) = 6*q + 104. What is g(-30)?
-76
Let a(j) = -3*j + 14. What is a(-6)?
32
Let y(a) = -2*a**2 + 12*a - 17. Determine y(3).
1
Let l(i) = -i**3 + 9*i**2 - 7*i. Give l(8).
8
Let b(t) = -t**3 - 6*t**2 - 3*t + 7. Calculate b(-5).
-3
Let u(k) = -2*k - 5. Give u(-13).
21
Let x(p) = -2*p - 29. Determine x(-11).
-7
Let v(f) = -f**3 + 6*f**2 + 9*f - 7. Give v(7).
7
Let q(j) = -3*j**2 - 10*j. Calculate q(-4).
-8
Let h(a) = -2*a - 20. Give h(-12).
4
Let b(v) = -v**2 - 9*v. Determine b(-9).
0
Let u(b) = -29*b**3 + 2*b**2. Determine u(-1).
31
Let w(f) = 5*f**2 + 3*f + 3. Calculate w(-3).
39
Let m(h) = -4*h - 18. What is m(-5)?
2
Let o(n) = 6*n + 6. Give o(-5).
-24
Let g(h) = -16*h**2 - h + 1. Calculate g(1).
-16
Let m(r) = -r**3 - 9*r**2 + 2*r + 8. What is m(-9)?
-10
Let l(n) = n - 9. Calculate l(17).
8
Let n(x) = 2*x + 31. Give n(-13).
5
Let j(f) = -f**3 - 5*f**2 + 18*f - 8. Calculate j(-6).
-80
Let b(a) = 7*a + 34. Calculate b(-6).
-8
Let m(o) = o**2 + 3*o + 41. Give m(0).
41
Let g(d) = d**2 + 3*d + 22. What is g(-9)?
76
Let n(y) = y**3 + 8*y**2 + 2*y - 2. Give n(-8).
-18
Let o(x) = -x**2 + 2*x + 2. Calculate o(5).
-13
